t is the highest common factor of k and 81?
9
Let l = -24 - -48. Let x(j) = -j**3 + 5*j**2 + 7*j. Let f(o) = 2*o**2 - 2. Let m be f(2). Let v be x(m). Calculate the greatest common divisor of l and v.
6
Suppose 5*t - 32 = 2*d, 0*d + 8 = 2*t - 2*d. Let r(i) = -32*i. Let l be r(-1). What is the highest common factor of t and l?
8
Suppose -3*f - 4 + 31 = 0. What is the highest common factor of 72 and f?
9
Suppose -3*t - 229 - 559 = -5*l, -652 = -4*l - 3*t. Calculate the greatest common divisor of 20 and l.
20
Suppose -7*x + 2*x = 25. Let g be 5 + x - (-6 + 0). What is the highest common factor of 54 and g?
6
Suppose -16 - 23 = -3*m. What is the highest common divisor of m and 13?
13
Suppose 0 = 2*j - 7*j + 95. Suppose -4*m = -2*a + 8, -2*a + j = 2*a - 5*m. Calculate the highest common divisor of a and 30.
6
Let f(w) = -w + 44. Let y be f(0). Suppose -s + 5*s = y. Calculate the greatest common factor of s and 55.
11
Let a = -5 - -3. Let d be 0/((-2 - -4)/a). Suppose -3*q = -d - 54. Calculate the highest common factor of 90 and q.
18
Let y = -96 - -146. Suppose 0*n = -5*n + y. What is the greatest common factor of 4 and n?
2
Let j be (18/8)/(5/20). Suppose -s = -4*n - 104, -4*n - 100 = -s - 2*n. Let q = 195 - s. Calculate the highest common divisor of q and j.
9
Suppose 0 = 2*l - 4*l + 40. What is the greatest common factor of l and 380?
20
Let p = 2 + 0. Let d = 33 + -15. What is the greatest common factor of p and d?
2
Let b be (-22)/(-12) - (-1)/6. Let w = 25 + b. Calculate the greatest common factor of w and 18.
9
Let b be (12/10)/(2/30). Suppose -456 = -4*s + 336. Calculate the greatest common divisor of s and b.
18
Let y(n) = 2*n**2 - 5*n + 4. Let v be y(2). Suppose -3*g + g = -5*q + 66, 38 = 3*q - v*g. What is the greatest common factor of 112 and q?
14
Suppose a = -5*f + 222, -f + 9*a + 57 = 5*a. What is the highest common divisor of f and 5?
5
Let x(j) = -j + 11. Let h be x(-7). Calculate the highest common factor of 27 and h.
9
Let w(b) = b**2 + 11*b + 2. Let t be w(-12). What is the highest common factor of t and 112?
14
Let h be 9 + -1 - (6 - 5). Let q be (-74)/(-3)*(2 - -1). Suppose -x - 10 = -4*r + q, -5*r - 5*x = -105. Calculate the highest common divisor of h and r.
7
Let k = 6 - -19. What is the highest common divisor of 175 and k?
25
Let q be (-2)/(-5) - (-1198)/5. Suppose -q = 3*k - 8*k. Calculate the greatest common divisor of k and 6.
6
Let j = 72 - 46. Calculate the highest common divisor of 13 and j.
13
Let m(n) be the first derivative of n**3/3 - 11*n**2/2 + 4*n + 1. Let k be (1 - 34)*1/(-3). Let u be m(k). Calculate the highest common divisor of 36 and u.
4
Suppose 4*r - 10 - 2 = 0. Calculate the greatest common factor of 27 and r.
3
Let v be 191/6 + (-2)/(-12). Suppose 0 = 4*j - 0*j - v. Calculate the greatest common divisor of j and 12.
4
Let w = 12 - -1. What is the highest common divisor of 104 and w?
13
Suppose -5*x + 25 + 43 = 4*z, -2*z - 56 = -5*x. Let c be (6/(-4) + 1)*-8. Suppose -c + 1 = -y. Calculate the greatest common divisor of y and x.
3
Let i(d) = d**2 + 12*d + 3. Let o be i(-9). Let l = 34 + o. Suppose 0*t = -4*t + 360. Calculate the greatest common divisor of l and t.
10
Suppose 0 = -5*b - 15, 7*z - 3*z - 300 = 4*b. Let k(v) = -10*v**2 + v. Let p be k(1). Let a = 0 - p. Calculate the greatest common factor of z and a.
9
Suppose s - 4*w + 14 = 0, w + 0 = -2*s + 8. Calculate the greatest common factor of 3 and s.
1
Let a(y) = 3*y**2 + 3*y - 4. Let d(o) = o**3 - 11*o**2 - 3. Let t be d(11). Let m be a(t). What is the highest common divisor of 70 and m?
14
Let g(h) = 2*h**2 - 9*h + 4. Let s be g(6). What is the highest common divisor of s and 66?
22
Let w(s) = -3*s + 33. Let q be w(10). What is the greatest common divisor of 24 and q?
3
Let p be ((-12)/20)/(1/(-5)). Suppose -s + 3 = 0, -7 = -4*w - 2*s - 1. Suppose -2*u - p*u + 605 = w. Calculate the highest common factor of u and 11.
11
Suppose -s + 36 - 28 = 0. What is the highest common divisor of s and 24?
8
Let r(k) = k**3 - 10*k**2 + 11*k - 10. Let q be r(9). Suppose -4*n - 2*x - 90 = -q*n, -57 = -2*n - 3*x. Calculate the greatest common divisor of n and 8.
8
Suppose q + n - 5 = 2*n, 4*q - 3*n - 15 = 0. Suppose 0 = -4*i - q*i + 32. What is the highest common factor of 56 and i?
8
Suppose -x - 8 = -2*x. Suppose k - 38 = 2*r + 40, -k = -5*r - 63. Calculate the greatest common factor of x and k.
8
Let i be (-12)/(-9) - 172/(-6). Suppose -3*h - m + 62 = -7, h - 2*m - i = 0. Calculate the highest common divisor of 6 and h.
6
Let g(u) = u**3 - 3*u**2 + 2*u - 3. Let q be g(4). What is the highest common factor of q and 189?
21
Let j(h) = 14*h**3 - h**2 - 3. Let o be j(2). What is the greatest common factor of o and 42?
21
Suppose 0 = v + 3*v - 20. Let d(k) = 15*k**3 + k**2 - k. Let z be d(1). Calculate the highest common factor of z and v.
5
Suppose 544 = -y + 5*y. Let x = y + -80. Calculate the greatest common divisor of x and 7.
7
Let w be ((-115)/(-25) + -1)/(6/40). Calculate the highest common factor of w and 6.
6
Let g be 2/2*(-1 - -2). Let f = -88 + 97. Calculate the greatest common factor of g and f.
1
Let r(u) be the third derivative of 0 - 1/60*u**5 + 0*u + 3/8*u**4 - 3*u**2 - 3/2*u**3. Let n be r(6). What is the highest common divisor of n and 99?
9
Suppose -4*f + 20 = 5*t + f, -5*t - 2*f = -23. Let p be 5/(-25) - (-151)/t. Calculate the greatest common factor of p and 6.
6
Let k(f) = f**3 - 2*f**2 - f - 2. Let u be k(4). Let v = -83 - -122. What is the highest common factor of u and v?
13
Suppose 2*p + 79 = 5*y, p - 20 = 2*y - 51. Calculate the greatest common factor of y and 17.
17
Let z(w) = -8*w - 2. Let a be z(-4). Suppose -2*f - 5*k = 5, -3*f + 5*k = 10 - 65. Let o be 650/(-39)*(-12)/f. What is the highest common factor of o and a?
10
Suppose 1 = -v + 15. What is the highest common factor of v and 98?
14
Suppose -4*h = -u - 307, 3*u - 4*u = -5. Calculate the highest common divisor of h and 26.
26
Let u(p) = 313*p**3 - 2*p**2 - p + 2. Let d be u(1). What is the highest common factor of d and 24?
24
Let o be 2*1/10 + 198/10. What is the greatest common factor of o and 5?
5
Let x = 41 + -39. What is the highest common divisor of x and 6?
2
Let l = -19 + 38. Suppose 0 = 4*g - 4*q - 60, -l = -g - 2*q - q. What is the highest common factor of g and 24?
8
Let j be ((-3)/(-2))/(3/6). Suppose 5*x + 10 = -j*n + 8*n, -3*n + x + 6 = 0. Calculate the greatest common factor of 3 and n.
1
Suppose -3*o = 4*w + 3, o = -2*o + 4*w + 21. Let y(z) = -z - 2*z**3 + z**o + 6*z**2 + 2*z**3. Let c be y(-6). Calculate the greatest common factor of c and 6.
6
Suppose -3*g + 13 + 50 = 0. Calculate the highest common divisor of g and 168.
21
Suppose 5*g - 2*g - 6 = 0. Let o(q) = 10*q**2 - 1. Let x be o(1). Let t = x + g. Calculate the greatest common divisor of 11 and t.
11
Let u = 27 + -6. Suppose 2*y - 3*y + 3 = 2*i, -2*y - 3*i + 8 = 0. Calculate the highest common divisor of u and y.
7
Suppose 98 = -0*g + 2*g. Suppose r = 2*r - g. Let b be (2/6)/(2/42). Calculate the greatest common divisor of r and b.
7
Suppose -l - 25 = -2*b, -4 = 3*l - 13. What is the greatest common divisor of 14 and b?
14
Let a(n) = -n**3 + 7*n**2 - 5*n + 5. Let i be a(6). Let v be 3/3 + (0 - 19). Let b be v/6 - (1 - 103). What is the greatest common divisor of i and b?
11
Let l(g) be the second derivative of 5*g**3/6 - 4*g**2 - 4*g. Let x be l(6). Calculate the highest common factor of 2 and x.
2
Suppose r = -33 - 51. Let w = 140 + r. Suppose -s = 3*s - w. What is the highest common factor of s and 7?
7
Let r = 8 + -12. Let m = r - -12. Let c be (-1*16/2)/(-1). What is the greatest common divisor of c and m?
8
Let u(w) = 2*w**2 + w - 6. Suppose 3*v + 6*x = 3*x - 18, -v = 3*x + 8. Let z be u(v). Suppose -2*o + z = o. Calculate the greatest common divisor of o and 13.
13
Let z(s) = 8*s**2 - 3*s. Let j be z(2). Let u be 2*-1*(-30)/4. Let a be 3/u - (-1296)/20. What is the highest common factor of a and j?
13
Let t = 159 - 124. Calculate the highest common factor of 20 and t.
5
Suppose x + 2*x - 5*k = 110, 5*x - 2*k = 215. What is the greatest common factor of 495 and x?
45
Let h(l) = -l**2 + 9*l - 15. Let c be h(6). Calculate the highest common factor of c and 21.
3
Suppose -2*u + 5*z + 21 = u, 0 =